{"id":2206,"date":"2024-08-09T08:11:41","date_gmt":"2024-08-09T07:11:41","guid":{"rendered":"http:\/\/kappler.at\/stamm\/?page_id=2206"},"modified":"2025-01-30T10:32:43","modified_gmt":"2025-01-30T09:32:43","slug":"2024-2","status":"publish","type":"page","link":"http:\/\/kappler.at\/stamm\/stt-htm\/history\/2024-2\/","title":{"rendered":"2024"},"content":{"rendered":"<div id=\"pl-2206\"  class=\"panel-layout\" ><div id=\"pg-2206-0\"  class=\"panel-grid panel-no-style\" ><div id=\"pgc-2206-0-0\"  class=\"panel-grid-cell\" ><div id=\"panel-2206-0-0-0\" class=\"so-panel widget widget_sow-editor panel-first-child panel-last-child widgetopts-SO\" data-index=\"0\" ><div\n\t\t\t\n\t\t\tclass=\"so-widget-sow-editor so-widget-sow-editor-base\"\n\t\t\t\n\t\t>\n<div class=\"siteorigin-widget-tinymce textwidget\">\n\t<h2>Franziskaner Stammtisch Hartberg 2024 - die H\u00f6hepunkte des Jahres 2024 chronologisch sortiert im \u00dcberblick<\/h2>\n<\/div>\n<\/div><\/div><\/div><\/div><div id=\"pg-2206-1\"  class=\"panel-grid panel-no-style\" ><div id=\"pgc-2206-1-0\"  class=\"panel-grid-cell\" ><div id=\"panel-2206-1-0-0\" class=\"so-panel widget widget_text panel-first-child panel-last-child widgetopts-SO\" data-index=\"1\" >\t\t\t<div class=\"textwidget\"><\/div>\n\t\t<\/div><\/div><div id=\"pgc-2206-1-1\"  class=\"panel-grid-cell\" ><div id=\"panel-2206-1-1-0\" class=\"so-panel widget widget_text panel-first-child panel-last-child widgetopts-SO\" data-index=\"2\" ><h3 class=\"widget-title\">12.-13.10.2024 &#8211; Stammtisch-Ausflug nach Laibach<\/h3>\t\t\t<div class=\"textwidget\"><p>Wir fahren mit unseren M\u00e4dels f\u00fcr ein Wochenende in die slowenische Hauptstadt<\/p>\n<\/div>\n\t\t<\/div><\/div><\/div><div id=\"pg-2206-2\"  class=\"panel-grid panel-no-style\" ><div id=\"pgc-2206-2-0\"  class=\"panel-grid-cell\" ><div id=\"panel-2206-2-0-0\" class=\"so-panel widget widget_text panel-first-child panel-last-child widgetopts-SO\" data-index=\"3\" ><h3 class=\"widget-title\">1680<\/h3>\t\t\t<div class=\"textwidget\"><\/div>\n\t\t<\/div><\/div><div id=\"pgc-2206-2-1\"  class=\"panel-grid-cell\" ><div id=\"panel-2206-2-1-0\" class=\"so-panel widget widget_text panel-first-child panel-last-child widgetopts-SO\" data-index=\"4\" ><h3 class=\"widget-title\">05.09.2024 &#8211; 50er-Feier Hansi<\/h3>\t\t\t<div class=\"textwidget\"><p>Unser Stammtisch-Wirt feiert seinen 50er&#8230;.<\/p>\n<p>Wir gratulieren und bedanken uns recht herzlich f\u00fcr Pizza, Mehlspeisen und Getr\u00e4nke<\/p>\n<p><img loading=\"lazy\" decoding=\"async\" class=\"alignnone size-thumbnail wp-image-2239\" src=\"http:\/\/kappler.at\/stamm\/wp-content\/uploads\/sites\/2\/2024\/09\/2024-09-05_50er-Hansi-01-150x113.jpg\" alt=\"2024-09-05_50er Hansi 01\" width=\"150\" height=\"113\" srcset=\"http:\/\/kappler.at\/stamm\/wp-content\/uploads\/sites\/2\/2024\/09\/2024-09-05_50er-Hansi-01-150x113.jpg 150w, http:\/\/kappler.at\/stamm\/wp-content\/uploads\/sites\/2\/2024\/09\/2024-09-05_50er-Hansi-01-300x225.jpg 300w, http:\/\/kappler.at\/stamm\/wp-content\/uploads\/sites\/2\/2024\/09\/2024-09-05_50er-Hansi-01-1024x768.jpg 1024w, http:\/\/kappler.at\/stamm\/wp-content\/uploads\/sites\/2\/2024\/09\/2024-09-05_50er-Hansi-01-768x576.jpg 768w, http:\/\/kappler.at\/stamm\/wp-content\/uploads\/sites\/2\/2024\/09\/2024-09-05_50er-Hansi-01-1536x1152.jpg 1536w, http:\/\/kappler.at\/stamm\/wp-content\/uploads\/sites\/2\/2024\/09\/2024-09-05_50er-Hansi-01.jpg 1600w\" sizes=\"auto, (max-width: 150px) 100vw, 150px\" \/>\u00a0 <img loading=\"lazy\" decoding=\"async\" class=\"alignnone size-thumbnail wp-image-2240\" src=\"http:\/\/kappler.at\/stamm\/wp-content\/uploads\/sites\/2\/2024\/09\/2024-09-05_50er-Hansi-02-113x150.jpeg\" alt=\"2024-09-05_50er Hansi 02\" width=\"113\" height=\"150\" srcset=\"http:\/\/kappler.at\/stamm\/wp-content\/uploads\/sites\/2\/2024\/09\/2024-09-05_50er-Hansi-02-113x150.jpeg 113w, http:\/\/kappler.at\/stamm\/wp-content\/uploads\/sites\/2\/2024\/09\/2024-09-05_50er-Hansi-02-225x300.jpeg 225w, http:\/\/kappler.at\/stamm\/wp-content\/uploads\/sites\/2\/2024\/09\/2024-09-05_50er-Hansi-02-768x1024.jpeg 768w, http:\/\/kappler.at\/stamm\/wp-content\/uploads\/sites\/2\/2024\/09\/2024-09-05_50er-Hansi-02-1152x1536.jpeg 1152w, http:\/\/kappler.at\/stamm\/wp-content\/uploads\/sites\/2\/2024\/09\/2024-09-05_50er-Hansi-02.jpeg 1536w\" sizes=\"auto, (max-width: 113px) 100vw, 113px\" \/>\u00a0 <img loading=\"lazy\" decoding=\"async\" class=\"alignnone size-thumbnail wp-image-2241\" src=\"http:\/\/kappler.at\/stamm\/wp-content\/uploads\/sites\/2\/2024\/09\/2024-09-05_50er-Hansi-03-113x150.jpeg\" alt=\"2024-09-05_50er Hansi 03\" width=\"113\" height=\"150\" srcset=\"http:\/\/kappler.at\/stamm\/wp-content\/uploads\/sites\/2\/2024\/09\/2024-09-05_50er-Hansi-03-113x150.jpeg 113w, http:\/\/kappler.at\/stamm\/wp-content\/uploads\/sites\/2\/2024\/09\/2024-09-05_50er-Hansi-03-225x300.jpeg 225w, http:\/\/kappler.at\/stamm\/wp-content\/uploads\/sites\/2\/2024\/09\/2024-09-05_50er-Hansi-03-768x1024.jpeg 768w, http:\/\/kappler.at\/stamm\/wp-content\/uploads\/sites\/2\/2024\/09\/2024-09-05_50er-Hansi-03-1152x1536.jpeg 1152w, http:\/\/kappler.at\/stamm\/wp-content\/uploads\/sites\/2\/2024\/09\/2024-09-05_50er-Hansi-03.jpeg 1536w\" sizes=\"auto, (max-width: 113px) 100vw, 113px\" \/><\/p>\n<\/div>\n\t\t<\/div><\/div><\/div><div id=\"pg-2206-3\"  class=\"panel-grid panel-no-style\" ><div id=\"pgc-2206-3-0\"  class=\"panel-grid-cell\" ><div id=\"panel-2206-3-0-0\" class=\"so-panel widget widget_text panel-first-child panel-last-child widgetopts-SO\" data-index=\"5\" ><h3 class=\"widget-title\">1678<\/h3>\t\t\t<div class=\"textwidget\"><\/div>\n\t\t<\/div><\/div><div id=\"pgc-2206-3-1\"  class=\"panel-grid-cell\" ><div id=\"panel-2206-3-1-0\" class=\"so-panel widget widget_text panel-first-child panel-last-child widgetopts-SO\" data-index=\"6\" ><h3 class=\"widget-title\">22.08.2024 &#8211; Siegerehrung EM-Toto<\/h3>\t\t\t<div class=\"textwidget\"><p>Gesamtsiegerin: Gabi H.<\/p>\n<p>Finaltipp: Fredy<\/p>\n<p><img loading=\"lazy\" decoding=\"async\" class=\"alignnone size-thumbnail wp-image-2238\" src=\"http:\/\/kappler.at\/stamm\/wp-content\/uploads\/sites\/2\/2024\/09\/2024-08-22_Siegerehrung-EM-Toto-150x113.jpeg\" alt=\"2024-08-22_Siegerehrung EM-Toto\" width=\"150\" height=\"113\" srcset=\"http:\/\/kappler.at\/stamm\/wp-content\/uploads\/sites\/2\/2024\/09\/2024-08-22_Siegerehrung-EM-Toto-150x113.jpeg 150w, http:\/\/kappler.at\/stamm\/wp-content\/uploads\/sites\/2\/2024\/09\/2024-08-22_Siegerehrung-EM-Toto-300x225.jpeg 300w, http:\/\/kappler.at\/stamm\/wp-content\/uploads\/sites\/2\/2024\/09\/2024-08-22_Siegerehrung-EM-Toto-1024x768.jpeg 1024w, http:\/\/kappler.at\/stamm\/wp-content\/uploads\/sites\/2\/2024\/09\/2024-08-22_Siegerehrung-EM-Toto-768x576.jpeg 768w, http:\/\/kappler.at\/stamm\/wp-content\/uploads\/sites\/2\/2024\/09\/2024-08-22_Siegerehrung-EM-Toto-1536x1152.jpeg 1536w, http:\/\/kappler.at\/stamm\/wp-content\/uploads\/sites\/2\/2024\/09\/2024-08-22_Siegerehrung-EM-Toto.jpeg 2048w\" sizes=\"auto, (max-width: 150px) 100vw, 150px\" \/><\/p>\n<p>&nbsp;<\/p>\n<\/div>\n\t\t<\/div><\/div><\/div><div id=\"pg-2206-4\"  class=\"panel-grid panel-no-style\" ><div id=\"pgc-2206-4-0\"  class=\"panel-grid-cell\" ><div id=\"panel-2206-4-0-0\" class=\"so-panel widget widget_text panel-first-child panel-last-child widgetopts-SO\" data-index=\"7\" ><h3 class=\"widget-title\">1676<\/h3>\t\t\t<div class=\"textwidget\"><\/div>\n\t\t<\/div><\/div><div id=\"pgc-2206-4-1\"  class=\"panel-grid-cell\" ><div id=\"panel-2206-4-1-0\" class=\"so-panel widget widget_text panel-first-child panel-last-child widgetopts-SO\" data-index=\"8\" ><h3 class=\"widget-title\">01.08.2024 &#8211; Stehtischeinweihung<\/h3>\t\t\t<div class=\"textwidget\"><p><img loading=\"lazy\" decoding=\"async\" class=\"alignnone size-thumbnail wp-image-2215\" src=\"http:\/\/kappler.at\/stamm\/wp-content\/uploads\/sites\/2\/2024\/08\/2024-08-01_Fasseinweihung-150x113.jpeg\" alt=\"2024-08-01_Fasseinweihung\" width=\"150\" height=\"113\" srcset=\"http:\/\/kappler.at\/stamm\/wp-content\/uploads\/sites\/2\/2024\/08\/2024-08-01_Fasseinweihung-150x113.jpeg 150w, http:\/\/kappler.at\/stamm\/wp-content\/uploads\/sites\/2\/2024\/08\/2024-08-01_Fasseinweihung-300x225.jpeg 300w, http:\/\/kappler.at\/stamm\/wp-content\/uploads\/sites\/2\/2024\/08\/2024-08-01_Fasseinweihung-1024x768.jpeg 1024w, http:\/\/kappler.at\/stamm\/wp-content\/uploads\/sites\/2\/2024\/08\/2024-08-01_Fasseinweihung-768x576.jpeg 768w, http:\/\/kappler.at\/stamm\/wp-content\/uploads\/sites\/2\/2024\/08\/2024-08-01_Fasseinweihung-1536x1152.jpeg 1536w, http:\/\/kappler.at\/stamm\/wp-content\/uploads\/sites\/2\/2024\/08\/2024-08-01_Fasseinweihung.jpeg 2048w\" sizes=\"auto, (max-width: 150px) 100vw, 150px\" \/><\/p>\n<\/div>\n\t\t<\/div><\/div><\/div><div id=\"pg-2206-5\"  class=\"panel-grid panel-no-style\" ><div id=\"pgc-2206-5-0\"  class=\"panel-grid-cell\" ><div id=\"panel-2206-5-0-0\" class=\"so-panel widget widget_text panel-first-child panel-last-child widgetopts-SO\" data-index=\"9\" ><h3 class=\"widget-title\">1674<\/h3>\t\t\t<div class=\"textwidget\"><\/div>\n\t\t<\/div><\/div><div id=\"pgc-2206-5-1\"  class=\"panel-grid-cell\" ><div id=\"panel-2206-5-1-0\" class=\"so-panel widget widget_text panel-first-child panel-last-child widgetopts-SO\" data-index=\"10\" ><h3 class=\"widget-title\">18.07.2024 &#8211; Gartenparty bei Hans<\/h3>\t\t\t<div class=\"textwidget\"><p><img loading=\"lazy\" decoding=\"async\" class=\"alignnone size-thumbnail wp-image-2212\" src=\"http:\/\/kappler.at\/stamm\/wp-content\/uploads\/sites\/2\/2024\/08\/2024-07-18_Gartenparty-03-150x113.jpg\" alt=\"2024-07-18_Gartenparty 03\" width=\"150\" height=\"113\" srcset=\"http:\/\/kappler.at\/stamm\/wp-content\/uploads\/sites\/2\/2024\/08\/2024-07-18_Gartenparty-03-150x113.jpg 150w, http:\/\/kappler.at\/stamm\/wp-content\/uploads\/sites\/2\/2024\/08\/2024-07-18_Gartenparty-03-300x225.jpg 300w, http:\/\/kappler.at\/stamm\/wp-content\/uploads\/sites\/2\/2024\/08\/2024-07-18_Gartenparty-03-1024x768.jpg 1024w, http:\/\/kappler.at\/stamm\/wp-content\/uploads\/sites\/2\/2024\/08\/2024-07-18_Gartenparty-03-768x576.jpg 768w, http:\/\/kappler.at\/stamm\/wp-content\/uploads\/sites\/2\/2024\/08\/2024-07-18_Gartenparty-03-1536x1152.jpg 1536w, http:\/\/kappler.at\/stamm\/wp-content\/uploads\/sites\/2\/2024\/08\/2024-07-18_Gartenparty-03.jpg 1600w\" sizes=\"auto, (max-width: 150px) 100vw, 150px\" \/><\/p>\n<\/div>\n\t\t<\/div><\/div><\/div><div id=\"pg-2206-6\"  class=\"panel-grid panel-no-style\" ><div id=\"pgc-2206-6-0\"  class=\"panel-grid-cell\" ><div id=\"panel-2206-6-0-0\" class=\"so-panel widget widget_text panel-first-child panel-last-child widgetopts-SO\" data-index=\"11\" ><h3 class=\"widget-title\">1673<\/h3>\t\t\t<div class=\"textwidget\"><\/div>\n\t\t<\/div><\/div><div id=\"pgc-2206-6-1\"  class=\"panel-grid-cell\" ><div id=\"panel-2206-6-1-0\" class=\"so-panel widget widget_text panel-first-child panel-last-child widgetopts-SO\" data-index=\"12\" ><h3 class=\"widget-title\">11.07.2024 &#8211; Das Wollschwein rockt<\/h3>\t\t\t<div class=\"textwidget\"><p><img loading=\"lazy\" decoding=\"async\" class=\"alignnone size-thumbnail wp-image-2213\" src=\"http:\/\/kappler.at\/stamm\/wp-content\/uploads\/sites\/2\/2024\/08\/2024-07-11_Wollschwein-150x113.jpeg\" alt=\"2024-07-11_Wollschwein\" width=\"150\" height=\"113\" srcset=\"http:\/\/kappler.at\/stamm\/wp-content\/uploads\/sites\/2\/2024\/08\/2024-07-11_Wollschwein-150x113.jpeg 150w, http:\/\/kappler.at\/stamm\/wp-content\/uploads\/sites\/2\/2024\/08\/2024-07-11_Wollschwein-300x225.jpeg 300w, http:\/\/kappler.at\/stamm\/wp-content\/uploads\/sites\/2\/2024\/08\/2024-07-11_Wollschwein-1024x768.jpeg 1024w, http:\/\/kappler.at\/stamm\/wp-content\/uploads\/sites\/2\/2024\/08\/2024-07-11_Wollschwein-768x576.jpeg 768w, http:\/\/kappler.at\/stamm\/wp-content\/uploads\/sites\/2\/2024\/08\/2024-07-11_Wollschwein-1536x1152.jpeg 1536w, http:\/\/kappler.at\/stamm\/wp-content\/uploads\/sites\/2\/2024\/08\/2024-07-11_Wollschwein.jpeg 2048w\" sizes=\"auto, (max-width: 150px) 100vw, 150px\" \/><\/p>\n<\/div>\n\t\t<\/div><\/div><\/div><div id=\"pg-2206-7\"  class=\"panel-grid panel-no-style\" ><div id=\"pgc-2206-7-0\"  class=\"panel-grid-cell\" ><div id=\"panel-2206-7-0-0\" class=\"so-panel widget widget_text panel-first-child panel-last-child widgetopts-SO\" data-index=\"13\" >\t\t\t<div class=\"textwidget\"><\/div>\n\t\t<\/div><\/div><div id=\"pgc-2206-7-1\"  class=\"panel-grid-cell\" ><div id=\"panel-2206-7-1-0\" class=\"so-panel widget widget_text panel-first-child panel-last-child widgetopts-SO\" data-index=\"14\" ><h3 class=\"widget-title\">24.-27.01.2024 &#8211; 27. Schiopening<\/h3>\t\t\t<div class=\"textwidget\"><p><img loading=\"lazy\" decoding=\"async\" class=\"alignnone size-thumbnail wp-image-2211\" src=\"http:\/\/kappler.at\/stamm\/wp-content\/uploads\/sites\/2\/2024\/08\/2024_Schiopening-05-113x150.jpeg\" alt=\"2024_Schiopening 05\" width=\"113\" height=\"150\" srcset=\"http:\/\/kappler.at\/stamm\/wp-content\/uploads\/sites\/2\/2024\/08\/2024_Schiopening-05-113x150.jpeg 113w, http:\/\/kappler.at\/stamm\/wp-content\/uploads\/sites\/2\/2024\/08\/2024_Schiopening-05-225x300.jpeg 225w, http:\/\/kappler.at\/stamm\/wp-content\/uploads\/sites\/2\/2024\/08\/2024_Schiopening-05-768x1024.jpeg 768w, http:\/\/kappler.at\/stamm\/wp-content\/uploads\/sites\/2\/2024\/08\/2024_Schiopening-05-1152x1536.jpeg 1152w, http:\/\/kappler.at\/stamm\/wp-content\/uploads\/sites\/2\/2024\/08\/2024_Schiopening-05.jpeg 1536w\" sizes=\"auto, (max-width: 113px) 100vw, 113px\" \/><\/p>\n<p>Franz, Hari und Martin zum bereits 15. Mal in der Flachau<\/p>\n<\/div>\n\t\t<\/div><\/div><\/div><div id=\"pg-2206-8\"  class=\"panel-grid panel-no-style\" ><div id=\"pgc-2206-8-0\"  class=\"panel-grid-cell\" ><div id=\"panel-2206-8-0-0\" class=\"so-panel widget widget_text panel-first-child panel-last-child widgetopts-SO\" data-index=\"15\" >\t\t\t<div class=\"textwidget\"><\/div>\n\t\t<\/div><\/div><div id=\"pgc-2206-8-1\"  class=\"panel-grid-cell\" ><div id=\"panel-2206-8-1-0\" class=\"so-panel widget widget_text panel-first-child panel-last-child widgetopts-SO\" data-index=\"16\" ><h3 class=\"widget-title\">05.01.2024 &#8211; Jahresfeier 2023<\/h3>\t\t\t<div class=\"textwidget\"><p>wie immer mit unseren M\u00e4dels<\/p>\n<\/div>\n\t\t<\/div><\/div><\/div><\/div>","protected":false},"excerpt":{"rendered":"<p>Franziskaner Stammtisch Hartberg 2024 &#8211; die H\u00f6hepunkte des Jahres 2024 chronologisch sortiert im \u00dcberblick Wir fahren mit unseren M\u00e4dels f\u00fcr ein Wochenende in die slowenische Hauptstadt<\/p>\n","protected":false},"author":1,"featured_media":0,"parent":141,"menu_order":0,"comment_status":"open","ping_status":"closed","template":"page-feature.php","meta":{"kt_blocks_editor_width":"","ngg_post_thumbnail":0,"jetpack_post_was_ever_published":false,"footnotes":""},"class_list":["post-2206","page","type-page","status-publish","hentry"],"yoast_head":"<!-- This site is optimized with the Yoast SEO plugin v27.3 - https:\/\/yoast.com\/product\/yoast-seo-wordpress\/ -->\n<title>Franziskaner Stammtisch Hartberg\u00a02024<\/title>\n<meta name=\"description\" content=\"Franziskaner Stammtisch Hartberg 2024 - die H\u00f6hepunkte des Jahres 2024 chronologisch sortiert im \u00dcberblick\" \/>\n<meta name=\"robots\" content=\"index, follow, max-snippet:-1, max-image-preview:large, max-video-preview:-1\" \/>\n<link rel=\"canonical\" href=\"http:\/\/kappler.at\/stamm\/stt-htm\/history\/2024-2\/\" \/>\n<meta property=\"og:locale\" content=\"de_DE\" \/>\n<meta property=\"og:type\" content=\"article\" \/>\n<meta property=\"og:title\" content=\"Franziskaner Stammtisch Hartberg\u00a02024\" \/>\n<meta property=\"og:description\" content=\"Franziskaner Stammtisch Hartberg 2024 - die H\u00f6hepunkte des Jahres 2024 chronologisch sortiert im \u00dcberblick\" \/>\n<meta property=\"og:url\" content=\"http:\/\/kappler.at\/stamm\/stt-htm\/history\/2024-2\/\" \/>\n<meta property=\"og:site_name\" content=\"Franziskaner Stammtisch\" \/>\n<meta property=\"article:modified_time\" content=\"2025-01-30T09:32:43+00:00\" \/>\n<meta property=\"og:image\" content=\"http:\/\/kappler.at\/stamm\/wp-content\/uploads\/sites\/2\/2024\/09\/2024-09-05_50er-Hansi-01.jpg\" \/>\n\t<meta property=\"og:image:width\" content=\"1600\" \/>\n\t<meta property=\"og:image:height\" content=\"1200\" \/>\n\t<meta property=\"og:image:type\" content=\"image\/jpeg\" \/>\n<meta name=\"twitter:label1\" content=\"Gesch\u00e4tzte Lesezeit\" \/>\n\t<meta name=\"twitter:data1\" content=\"3\u00a0Minuten\" \/>\n<script type=\"application\/ld+json\" class=\"yoast-schema-graph\">{\"@context\":\"https:\\\/\\\/schema.org\",\"@graph\":[{\"@type\":\"WebPage\",\"@id\":\"http:\\\/\\\/kappler.at\\\/stamm\\\/stt-htm\\\/history\\\/2024-2\\\/\",\"url\":\"http:\\\/\\\/kappler.at\\\/stamm\\\/stt-htm\\\/history\\\/2024-2\\\/\",\"name\":\"Franziskaner Stammtisch Hartberg\u00a02024\",\"isPartOf\":{\"@id\":\"http:\\\/\\\/kappler.at\\\/stamm\\\/#website\"},\"primaryImageOfPage\":{\"@id\":\"http:\\\/\\\/kappler.at\\\/stamm\\\/stt-htm\\\/history\\\/2024-2\\\/#primaryimage\"},\"image\":{\"@id\":\"http:\\\/\\\/kappler.at\\\/stamm\\\/stt-htm\\\/history\\\/2024-2\\\/#primaryimage\"},\"thumbnailUrl\":\"http:\\\/\\\/kappler.at\\\/stamm\\\/wp-content\\\/uploads\\\/sites\\\/2\\\/2024\\\/09\\\/2024-09-05_50er-Hansi-01-150x113.jpg\",\"datePublished\":\"2024-08-09T07:11:41+00:00\",\"dateModified\":\"2025-01-30T09:32:43+00:00\",\"description\":\"Franziskaner Stammtisch Hartberg 2024 - die H\u00f6hepunkte des Jahres 2024 chronologisch sortiert im \u00dcberblick\",\"breadcrumb\":{\"@id\":\"http:\\\/\\\/kappler.at\\\/stamm\\\/stt-htm\\\/history\\\/2024-2\\\/#breadcrumb\"},\"inLanguage\":\"de\",\"potentialAction\":[{\"@type\":\"ReadAction\",\"target\":[\"http:\\\/\\\/kappler.at\\\/stamm\\\/stt-htm\\\/history\\\/2024-2\\\/\"]}]},{\"@type\":\"ImageObject\",\"inLanguage\":\"de\",\"@id\":\"http:\\\/\\\/kappler.at\\\/stamm\\\/stt-htm\\\/history\\\/2024-2\\\/#primaryimage\",\"url\":\"http:\\\/\\\/kappler.at\\\/stamm\\\/wp-content\\\/uploads\\\/sites\\\/2\\\/2024\\\/09\\\/2024-09-05_50er-Hansi-01.jpg\",\"contentUrl\":\"http:\\\/\\\/kappler.at\\\/stamm\\\/wp-content\\\/uploads\\\/sites\\\/2\\\/2024\\\/09\\\/2024-09-05_50er-Hansi-01.jpg\",\"width\":1600,\"height\":1200,\"caption\":\"2024-09-05_50er Hansi 01\"},{\"@type\":\"BreadcrumbList\",\"@id\":\"http:\\\/\\\/kappler.at\\\/stamm\\\/stt-htm\\\/history\\\/2024-2\\\/#breadcrumb\",\"itemListElement\":[{\"@type\":\"ListItem\",\"position\":1,\"name\":\"Home\",\"item\":\"http:\\\/\\\/kappler.at\\\/stamm\\\/\"},{\"@type\":\"ListItem\",\"position\":2,\"name\":\"Franziskaner Stammtisch Hartberg\",\"item\":\"http:\\\/\\\/kappler.at\\\/stamm\\\/\"},{\"@type\":\"ListItem\",\"position\":3,\"name\":\"Franziskaner Stammtisch History\",\"item\":\"http:\\\/\\\/kappler.at\\\/stamm\\\/stt-htm\\\/history\\\/\"},{\"@type\":\"ListItem\",\"position\":4,\"name\":\"2024\"}]},{\"@type\":\"WebSite\",\"@id\":\"http:\\\/\\\/kappler.at\\\/stamm\\\/#website\",\"url\":\"http:\\\/\\\/kappler.at\\\/stamm\\\/\",\"name\":\"Franziskaner Stammtisch\",\"description\":\"the one and only\",\"publisher\":{\"@id\":\"http:\\\/\\\/kappler.at\\\/stamm\\\/#organization\"},\"potentialAction\":[{\"@type\":\"SearchAction\",\"target\":{\"@type\":\"EntryPoint\",\"urlTemplate\":\"http:\\\/\\\/kappler.at\\\/stamm\\\/?s={search_term_string}\"},\"query-input\":{\"@type\":\"PropertyValueSpecification\",\"valueRequired\":true,\"valueName\":\"search_term_string\"}}],\"inLanguage\":\"de\"},{\"@type\":\"Organization\",\"@id\":\"http:\\\/\\\/kappler.at\\\/stamm\\\/#organization\",\"name\":\"Franziskaner Stammtisch Hartberg\",\"url\":\"http:\\\/\\\/kappler.at\\\/stamm\\\/\",\"logo\":{\"@type\":\"ImageObject\",\"inLanguage\":\"de\",\"@id\":\"http:\\\/\\\/kappler.at\\\/stamm\\\/#\\\/schema\\\/logo\\\/image\\\/\",\"url\":\"http:\\\/\\\/kappler.at\\\/stamm\\\/wp-content\\\/uploads\\\/sites\\\/2\\\/2016\\\/10\\\/StammtischLogo-e1476712092368.jpg\",\"contentUrl\":\"http:\\\/\\\/kappler.at\\\/stamm\\\/wp-content\\\/uploads\\\/sites\\\/2\\\/2016\\\/10\\\/StammtischLogo-e1476712092368.jpg\",\"width\":126,\"height\":200,\"caption\":\"Franziskaner Stammtisch Hartberg\"},\"image\":{\"@id\":\"http:\\\/\\\/kappler.at\\\/stamm\\\/#\\\/schema\\\/logo\\\/image\\\/\"}}]}<\/script>\n<!-- \/ Yoast SEO plugin. -->","yoast_head_json":{"title":"Franziskaner Stammtisch Hartberg\u00a02024","description":"Franziskaner Stammtisch Hartberg 2024 - die H\u00f6hepunkte des Jahres 2024 chronologisch sortiert im \u00dcberblick","robots":{"index":"index","follow":"follow","max-snippet":"max-snippet:-1","max-image-preview":"max-image-preview:large","max-video-preview":"max-video-preview:-1"},"canonical":"http:\/\/kappler.at\/stamm\/stt-htm\/history\/2024-2\/","og_locale":"de_DE","og_type":"article","og_title":"Franziskaner Stammtisch Hartberg\u00a02024","og_description":"Franziskaner Stammtisch Hartberg 2024 - die H\u00f6hepunkte des Jahres 2024 chronologisch sortiert im \u00dcberblick","og_url":"http:\/\/kappler.at\/stamm\/stt-htm\/history\/2024-2\/","og_site_name":"Franziskaner Stammtisch","article_modified_time":"2025-01-30T09:32:43+00:00","og_image":[{"width":1600,"height":1200,"url":"http:\/\/kappler.at\/stamm\/wp-content\/uploads\/sites\/2\/2024\/09\/2024-09-05_50er-Hansi-01.jpg","type":"image\/jpeg"}],"twitter_misc":{"Gesch\u00e4tzte Lesezeit":"3\u00a0Minuten"},"schema":{"@context":"https:\/\/schema.org","@graph":[{"@type":"WebPage","@id":"http:\/\/kappler.at\/stamm\/stt-htm\/history\/2024-2\/","url":"http:\/\/kappler.at\/stamm\/stt-htm\/history\/2024-2\/","name":"Franziskaner Stammtisch Hartberg\u00a02024","isPartOf":{"@id":"http:\/\/kappler.at\/stamm\/#website"},"primaryImageOfPage":{"@id":"http:\/\/kappler.at\/stamm\/stt-htm\/history\/2024-2\/#primaryimage"},"image":{"@id":"http:\/\/kappler.at\/stamm\/stt-htm\/history\/2024-2\/#primaryimage"},"thumbnailUrl":"http:\/\/kappler.at\/stamm\/wp-content\/uploads\/sites\/2\/2024\/09\/2024-09-05_50er-Hansi-01-150x113.jpg","datePublished":"2024-08-09T07:11:41+00:00","dateModified":"2025-01-30T09:32:43+00:00","description":"Franziskaner Stammtisch Hartberg 2024 - die H\u00f6hepunkte des Jahres 2024 chronologisch sortiert im \u00dcberblick","breadcrumb":{"@id":"http:\/\/kappler.at\/stamm\/stt-htm\/history\/2024-2\/#breadcrumb"},"inLanguage":"de","potentialAction":[{"@type":"ReadAction","target":["http:\/\/kappler.at\/stamm\/stt-htm\/history\/2024-2\/"]}]},{"@type":"ImageObject","inLanguage":"de","@id":"http:\/\/kappler.at\/stamm\/stt-htm\/history\/2024-2\/#primaryimage","url":"http:\/\/kappler.at\/stamm\/wp-content\/uploads\/sites\/2\/2024\/09\/2024-09-05_50er-Hansi-01.jpg","contentUrl":"http:\/\/kappler.at\/stamm\/wp-content\/uploads\/sites\/2\/2024\/09\/2024-09-05_50er-Hansi-01.jpg","width":1600,"height":1200,"caption":"2024-09-05_50er Hansi 01"},{"@type":"BreadcrumbList","@id":"http:\/\/kappler.at\/stamm\/stt-htm\/history\/2024-2\/#breadcrumb","itemListElement":[{"@type":"ListItem","position":1,"name":"Home","item":"http:\/\/kappler.at\/stamm\/"},{"@type":"ListItem","position":2,"name":"Franziskaner Stammtisch Hartberg","item":"http:\/\/kappler.at\/stamm\/"},{"@type":"ListItem","position":3,"name":"Franziskaner Stammtisch History","item":"http:\/\/kappler.at\/stamm\/stt-htm\/history\/"},{"@type":"ListItem","position":4,"name":"2024"}]},{"@type":"WebSite","@id":"http:\/\/kappler.at\/stamm\/#website","url":"http:\/\/kappler.at\/stamm\/","name":"Franziskaner Stammtisch","description":"the one and only","publisher":{"@id":"http:\/\/kappler.at\/stamm\/#organization"},"potentialAction":[{"@type":"SearchAction","target":{"@type":"EntryPoint","urlTemplate":"http:\/\/kappler.at\/stamm\/?s={search_term_string}"},"query-input":{"@type":"PropertyValueSpecification","valueRequired":true,"valueName":"search_term_string"}}],"inLanguage":"de"},{"@type":"Organization","@id":"http:\/\/kappler.at\/stamm\/#organization","name":"Franziskaner Stammtisch Hartberg","url":"http:\/\/kappler.at\/stamm\/","logo":{"@type":"ImageObject","inLanguage":"de","@id":"http:\/\/kappler.at\/stamm\/#\/schema\/logo\/image\/","url":"http:\/\/kappler.at\/stamm\/wp-content\/uploads\/sites\/2\/2016\/10\/StammtischLogo-e1476712092368.jpg","contentUrl":"http:\/\/kappler.at\/stamm\/wp-content\/uploads\/sites\/2\/2016\/10\/StammtischLogo-e1476712092368.jpg","width":126,"height":200,"caption":"Franziskaner Stammtisch Hartberg"},"image":{"@id":"http:\/\/kappler.at\/stamm\/#\/schema\/logo\/image\/"}}]}},"jetpack_shortlink":"https:\/\/wp.me\/P5aSXC-zA","jetpack_sharing_enabled":true,"_links":{"self":[{"href":"http:\/\/kappler.at\/stamm\/wp-json\/wp\/v2\/pages\/2206","targetHints":{"allow":["GET"]}}],"collection":[{"href":"http:\/\/kappler.at\/stamm\/wp-json\/wp\/v2\/pages"}],"about":[{"href":"http:\/\/kappler.at\/stamm\/wp-json\/wp\/v2\/types\/page"}],"author":[{"embeddable":true,"href":"http:\/\/kappler.at\/stamm\/wp-json\/wp\/v2\/users\/1"}],"replies":[{"embeddable":true,"href":"http:\/\/kappler.at\/stamm\/wp-json\/wp\/v2\/comments?post=2206"}],"version-history":[{"count":11,"href":"http:\/\/kappler.at\/stamm\/wp-json\/wp\/v2\/pages\/2206\/revisions"}],"predecessor-version":[{"id":2272,"href":"http:\/\/kappler.at\/stamm\/wp-json\/wp\/v2\/pages\/2206\/revisions\/2272"}],"up":[{"embeddable":true,"href":"http:\/\/kappler.at\/stamm\/wp-json\/wp\/v2\/pages\/141"}],"wp:attachment":[{"href":"http:\/\/kappler.at\/stamm\/wp-json\/wp\/v2\/media?parent=2206"}],"curies":[{"name":"wp","href":"https:\/\/api.w.org\/{rel}","templated":true}]}}